 of s?
9
Let x be 3/(27/102746) - (-168)/(-756). Suppose 0 = 36*p - 15908 - x. What is the tens digit of p?
5
Let j = 127 - 125. Let z be j/((-4)/(-335))*4. Suppose -146 = -4*q + z. What is the hundreds digit of q?
2
Let x = -45 + 19. Let p(d) = -d**3 - 26*d**2 - 2*d + 13. Let n be p(x). Suppose -2*z + 52 = 3*y, -2*y = -2*z - z + n. What is the tens digit of z?
2
Suppose 0 = x - 1, 2*x - 29 = -0*q - 3*q. What is the hundreds digit of -5 - 9/q*-1111?
1
Suppose -278 = 4*h - 98. What is the tens digit of (1338/30)/((-3)/h)?
6
Let y be 15 - (-5 - (-6 - -2)). Let m = -21 + y. Let w(v) = 3*v**2 + 2*v - 12. What is the units digit of w(m)?
3
Let b = 145 + -137. Suppose 6*j - b*j = -3*d - 227, d = -4*j + 433. What is the units digit of j?
9
Let w(b) = -554*b + 2365. What is the thousands digit of w(-5)?
5
Let c = -72 - 15. Let w = c - -325. What is the hundreds digit of w?
2
Suppose 3*n = -3*t + 1221, -2*t + 1628 = 4*n + 3*t. What is the units digit of n?
7
Let x(y) = 6*y + 93. Let v be x(-33). What is the tens digit of -11 - -8 - ((-3 - -2) + v)?
0
Suppose 3*b = -5*r + 10*r - 188, -4*b = -4*r + 144. Let i be (-2)/(-10) + 1112/r. What is the tens digit of i + ((-4)/(-2))/(-2)?
2
Let s(n) = 14*n**2 + 3*n + 3. Let y be ((-1)/(-3))/((-2)/18). What is the tens digit of s(y)?
2
Let o = 170 + -164. Suppose -825 = o*w - 4233. What is the tens digit of w?
6
Let c(x) = -x**2 - 12*x + 15. Let f be c(9). Let z = 749 + f. What is the units digit of z?
5
Suppose -r = -40 - 149. Suppose 41*g = 9*g + 3584. Let n = r - g. What is the units digit of n?
7
What is the units digit of (24/16 - 389545/(-10))/(-1 + 3)?
8
Let f = -944 - -948. Let n be 4/8 - (-6)/4. Suppose f*o = n*o + 138. What is the tens digit of o?
6
Let l(c) = 563*c**3 + 2*c**2 + 2*c - 3. Let f = 137 - 136. What is the hundreds digit of l(f)?
5
Let a be ((-56)/(-20))/((-2)/(-10)). Let i(u) = 74*u**2 + 5*u + 9. Let n be i(-3). What is the tens digit of 3*n/63 + (-6)/a?
3
Let j(l) = 5*l**2 + 37*l - 120. Let a be j(3). What is the hundreds digit of 10728/56 - a/63?
1
Suppose -11*g + 21*g = 0. Suppose g = 4*p, 0*o + o - 4*p = 124. What is the hundreds digit of o?
1
Let l = 179 + -163. Suppose -9496 = -l*g + 264. What is the hundreds digit of g?
6
Let w(h) = 63*h + 24. Suppose 542*d - 540*d = 18. What is the units digit of w(d)?
1
Let r be 6/(-54) + -2 + (-11480)/36. Let w = -69 - r. What is the units digit of w?
2
Let u(g) = 8*g**3 + 2*g**2 - 237*g + 2900. What is the tens digit of u(12)?
6
Suppose -3*j - 34 = -5*j. Let t = 22 - j. Suppose -2*x + 258 = 4*l - 46, -t*x = 5*l - 385. What is the tens digit of l?
7
Suppose 3606 = -o - 14*o + 28821. What is the thousands digit of o?
1
Let s be (-19 + (-164)/(-8))*(-68)/(-3). Let b be 5*43*2/2. Let j = b - s. What is the hundreds digit of j?
1
Suppose 4*k - 19 = c, 2*k = -2*c + 5*c + 7. What is the tens digit of (-2)/2*c - (-51168)/52?
8
Let a(y) = 40 - 44 + 232*y - 229 - 250*y. What is the hundreds digit of a(-25)?
2
Let l be (-310)/(-4)*(-27 + 29). Let u = -89 + l. What is the units digit of u?
6
What is the units digit of 1 - (-44)/11 - -67062?
7
Let y(f) be the third derivative of f**5/60 + f**4/2 - 17*f**3/6 + 9*f**2. Let a be y(-20). Let d = 48 + a. What is the units digit of d?
1
Let j(r) = -r**2 + 12*r - 1. Let t be j(8). Suppose -t*c = -29*c - 140. Suppose -c*p - 300 = -74*p. What is the tens digit of p?
7
Suppose -4*z = 3*u + 2, 3*z + 0*z + 39 = 4*u. Let n = 998 + -667. Suppose -u*o + n - 115 = 0. What is the tens digit of o?
3
Suppose -2 - 2 = -k, -6 = 2*d - 4*k. Suppose d*f = -2*z - 6, f = -6*z + z + 8. Suppose 22 = -z*s + 122. What is the tens digit of s?
5
Suppose -121029 - 202171 = -20*d. What is the units digit of d?
0
Suppose -5*r = 194 + 31. What is the tens digit of r/(-75) + ((-3064)/5)/(-2)?
0
Suppose -5*y - 160 = -10*h + 5*h, -4*h = 5*y + 115. Let l(j) = -16 - 27 - 4 - 6*j. What is the hundreds digit of l(y)?
1
Let q = -29828 + 50588. What is the hundreds digit of q?
7
Let h be 6 + 1 + -30 + 27 + -2. Suppose 0 = f + 2*i - 63, -f + 4*i = -h*f + 53. What is the units digit of f?
3
Suppose -5*u + 5976 = 2*y - 6853, -4*y + 7703 = 3*u. Suppose i - 661 + u = 5*p, 761 = 2*p - i. What is the hundreds digit of p?
3
Let g(j) be the second derivative of j**4/2 - 61*j**3/6 + 4*j**2 - 196*j. What is the tens digit of g(13)?
2
Let z(a) = -2*a - 13. Suppose -f = -4*p - 61, 3*f - 2*f - 1 = 0. Let d be z(p). Suppose d = b + 4*q - 56, 0 = -3*q. What is the units digit of b?
3
Let k(x) = -79*x**3 - x**2 - 24*x - 53. What is the units digit of k(-5)?
7
Let m(f) = f**3 - 20*f**2 + 21*f - 70. What is the tens digit of m(21)?
1
Suppose -136978 = 164*s - 948186 - 1807052. What is the units digit of s?
5
Suppose 0 = 15*v + 35 - 95. Suppose -2*m + 920 = -v*w, -2*w + 3*w + 1875 = 4*m. What is the hundreds digit of m?
4
Suppose 0 = 71*o - 76*o. Suppose 3*i + 99 = -o*i - 3*u, -2*i - 59 = -5*u. What is the units digit of i/(-10)*(-220)/(-4)?
6
Let g = 18923 - 12085. Suppose -24*o + 37*o - g = 0. What is the tens digit of o?
2
Let q = 139 - 136. Suppose 2*g + q*g = -5*s + 1190, s = 4*g - 942. What is the units digit of g?
6
Let q(l) = 4*l - 2. Let c be q(1). What is the units digit of c/8 + (-14082)/(-24)?
7
Let z be (-1 + (-1182)/(-10))/((-12)/(-60)). Suppose -2*t = -5*y - z, 0*y = 2*t - y - 594. What is the units digit of t?
8
Suppose 298 + 217 = 5*k. Suppose 1948 = 4*n - 2704. Suppose 4*t - n + k = 0. What is the units digit of t?
5
Let w(c) = 2*c - 1. Let v(d) = -82*d - 20. Let g(m) = -v(m) + 6*w(m). Let q be g(3). Suppose 3*y - 7*y = -q. What is the units digit of y?
4
Suppose 4*c = 3*m - 7624, -2*m + 3*m - 2538 = -2*c. Let u = -1801 + m. What is the tens digit of u?
3
Let y(u) = -14*u - 25. Let w be y(-2). Let r(i) be the second derivative of i**4/2 - i**3/3 + 19*i**2/2 - 7*i. What is the tens digit of r(w)?
6
Suppose p - 4136 = 5*g, -15*p - 5*g = -12*p - 12468. What is the tens digit of p?
5
Let c = 2153 - 3883. Let y = c - -2579. What is the hundreds digit of y?
8
Let v = -2543 + 1458. What is the tens digit of (-8)/(-4 + 0)*v/(-10)?
1
Suppose 0 = 4*y + a + 24, 2*y + 2*y - 2*a = -36. Suppose 43*u - 34*u = -54. What is the hundreds digit of -4 + (u - y) - -184*1?
1
Suppose 0 = 4*a - 4*z - 12052, 0 = a + 170*z - 173*z - 3019. What is the hundreds digit of a?
0
Suppose -27 = -3*j - p + 17, 3*j - 5*p - 14 = 0. Suppose 5*b = j*b. Suppose 5*d - 100 = 5*k - b*k, 0 = -4*d - 2*k + 98. What is the units digit of d?
3
Let v = 84052 + -57464. What is the units digit of v?
8
Let u(n) be the third derivative of 11*n**5/30 - 5*n**4/3 - n**3/3 - 46*n**2. What is the tens digit of u(-6)?
3
Suppose b = -9*f + 373640, 3*f - 142728 + 18160 = 5*b. What is the units digit of f?
6
Let a(n) = -n**3 - 4*n**2 + 13*n + 8. Let u be a(-6). Suppose 6*h = u*h - 396. Let w = -44 - h. What is the units digit of w?
5
Let z = -14 - -19. Suppose 0 = -2*d - d - 5*l + 896, 0 = 5*d - z*l - 1480. Suppose -42 = 3*q - d. What is the units digit of q?
5
Let z(n) = -962*n + 1997. What is the tens digit of z(-7)?
3
Let x(a) = 53*a**2 - a - 7. Let j be x(-3). Suppose 2*g = -d - j, 5 + 0 = 5*g. What is the units digit of (-7)/(-28) - d/4?
9
Let u(f) = f**2 - 18*f - 21. Let z be u(10). Let k = 160 + z. What is the tens digit of k?
5
Let t be 3 + (-3 - 2 - -2). Suppose 4*m + t*m - 420 = 0. What is the units digit of 2/(-8) + m/20?
5
Suppose -4*s - 14 = -2*b - 0, -4*s = 4*b + 32. Let r(v) = -6*v**3 - 8*v**2 - v + 6. What is the hundreds digit of r(s)?
5
Let g(n) = 4*n**2 + 74*n + 379. What is the units digit of g(-76)?
9
Let b = -34 - -21. Let u(c) = -c**2 - 16*c - 3. Let p be u(b). Suppose 3*x - p = x. What is the tens digit of x?
1
Suppose 2*n + 67830 = 44*n. What is the units digit of n?
5
Suppose -17*c + 9*c = 48. What is the hundreds digit of 724*1 - (c - (-6 - -2))?
7
Suppose 1238333 = 303*i + 862906 - 2067056. What is the tens digit of i?
6
What is the tens digit of (30 - (-1661)/(-55))*22885/(-1)?
7
Suppose 27970 = 165*m + 22*m + 3847. What is the hundreds digit of m?
1
Let p be -7*(-7)/49 + (-609)/(-1). Let o = p + -139. What is the units digit of o?
1
Let y be (1 - -2) + (83 - (-4 + -2)). Let g(a) = -a**2 - 11*a - 7. Let u be g(-9). Suppose u*c - 10*c - y = 0. What is the units digit of c?
2
Let g(h)